 the units digit of h?
0
Let m be -3 + (-5)/(-6 - -5). Let o(g) = 18*g**3 + 5*g**2 - 4*g - 4. What is the units digit of o(m)?
2
What is the ten thousands digit of 7 + -19 + -3 + 17432?
1
Suppose 32*k + 4536 = 38*k. Suppose 27*g = 29*g - k. What is the units digit of g?
8
What is the units digit of -5 - (1023568/(-20) + (56/(-35) - -2))?
3
Let n(g) = -g**3 - 12*g**2 - 2*g - 21. Suppose -7 + 43 = -3*x. Let q be n(x). What is the units digit of (q/6*-3)/(6/(-244))?
1
Let u be ((-35)/(-14))/(1/2). Let h be 1188/52 + u*(-4)/(-130). Let t = h - -79. What is the units digit of t?
2
Let l = -207 + 204. Let k(o) = 54*o**2 + 5*o + 2. What is the units digit of k(l)?
3
What is the tens digit of (-3528)/(-126)*(-528)/(-14)?
5
Suppose -4*a - 6 = 5*i, -5*i + a + 4 = -10. Suppose 488*s - 508*s + 17 = -23. Suppose -i*j + 97 = -j - 3*r, 313 = 3*j + s*r. What is the hundreds digit of j?
1
What is the thousands digit of ((-70)/(-21))/(-2) + 1 + (-54355)/(-15)?
3
Let v = -557 - -1819. Let a = v + -901. What is the tens digit of a?
6
Let r = 16730 - 9130. What is the hundreds digit of r?
6
What is the units digit of -4 + 143/44 - (-49062)/8?
2
Let d(b) = 127*b - 19. Let x be d(2). Suppose 44*c = 49*c - x. What is the units digit of c?
7
Let r = 12706 - 7642. What is the hundreds digit of r?
0
Let o = 15394 - 1996. What is the units digit of o?
8
Let t(f) = f**3 + 54*f**2 - 26*f - 130. What is the ten thousands digit of t(-35)?
2
Let j(d) = -3*d + 55. Let n be j(17). Let a be (-2 + n)*2 - -3. What is the tens digit of a + -5 + 3 - -36?
4
Suppose 0 = -3*s - 2*s + 2*c + 4485, -2*c - 889 = -s. Let z = s - 457. What is the tens digit of z?
4
Let n = 1369 - 768. Suppose -x - z + 601 = 0, 3*z = -0*x - x + n. What is the units digit of x?
1
Let w(u) = 2*u**3 + 3*u**2 - 4*u - 3. Let o be w(-2). What is the units digit of (21/(-6) - o/(-2)) + 77?
4
Let q = 1169 - 79. Suppose 5 = -d, 2*x - 196 = 4*d + q. What is the units digit of x?
3
Let i = -104 + 107. Suppose 0 = i*z + q + 247, 4*z - 3*z - 3*q = -89. Let m = z + 97. What is the units digit of m?
4
Suppose 2*k + 21513 = 127870 + 68877. What is the hundreds digit of k?
6
Suppose 0 = 2*q - 2*a - 74530, 0 = 40*q - 38*q - a - 74524. What is the ten thousands digit of q?
3
Suppose -155573 = -50*l + 117877. What is the units digit of l?
9
Suppose -c - 12926 = -d, 5*c - 51641 = -3*d - d. What is the ten thousands digit of d?
1
Suppose -3*a - 3*q = -45102, -3*a - 1559 = -3*q - 46661. What is the ten thousands digit of a?
1
Suppose 0 = 3*w + y - 4*y - 18, 0 = -2*y - 8. Let z(h) = 19*h**w + 21*h - 21*h. What is the units digit of z(-2)?
6
Let s be -6*(-1)/(-2)*-1. Suppose 2*r - s*v + 14 = -7*v, v = -3*r + 4. Suppose p - 6 = 4*m + 17, r*m = -5*p + 161. What is the units digit of p?
1
Suppose 3*a - 4*w = 22575, -3*a + w + 27419 = 4862. What is the tens digit of a?
1
Suppose -51*m = 8*m - 115*m + 1233176. What is the ten thousands digit of m?
2
Let l(f) = 22*f + 55. Let j(v) = -6*v**2 + 45*v - 5. Let a be j(7). What is the hundreds digit of l(a)?
4
Let i = -51011 - -73062. What is the tens digit of i?
5
Suppose 0 = 5*a - 5, -6*x + 5*a + 58467 = 2*x. What is the thousands digit of x?
7
Suppose 3*x = -12, 6*x = -m + 3*x + 5513. What is the tens digit of m?
2
Let i = -279 - -284. Suppose n = i*r - 2178, -4*r - n + 4*n = -1738. What is the tens digit of r?
3
Suppose -6*m - 101 = -5*m + c, c - 315 = 3*m. What is the hundreds digit of m/(-2)*(-4 - (-15 - 0))?
5
Let a be (-3)/(4 + -1)*80. Suppose -22*d = -12*d + 20. What is the tens digit of 9/((-18)/a) - d?
4
Let m = 8521 - 3861. Suppose m = -9*a + 14*a. What is the units digit of a?
2
Suppose -4*g + 68 = s, 2*s + g + 256 = 5*s. Suppose 0 = 4*c + 2*w - 50, -2*w - 4 = -14. Let l = c + s. What is the tens digit of l?
9
Let n(x) = 2*x**2 + 7*x + 5. Let r be -9 + 6 - (-2 + 3). Let c be n(r). Suppose 13*b - c*b - 352 = 0. What is the units digit of b?
8
Let k = 6605 + -4284. Suppose -5*p - 6*p + k = 0. What is the units digit of p?
1
Let g = 26126 - -2250. What is the hundreds digit of g?
3
Let y = 44 + -41. Suppose m - 2 - y = 0. What is the units digit of (-1)/m - 4660/(-50)?
3
Suppose 7226 = -2*l - 4*l + 7*l. What is the units digit of l?
6
Let h be (-11 - -10)*(0 + -1087). Suppose 5*j - h - 8 = 0. What is the units digit of j?
9
What is the ten thousands digit of (-30695)/14*60/70*84/(-10)?
1
Let z = -44 - -46. Let y(d) = -d**2 - 4*d**2 - 3*d - d**2 + z + 7*d**2. What is the units digit of y(8)?
2
What is the tens digit of 5*((-130)/(-52) - 37188/(-8))?
5
Let c(d) be the third derivative of d**7/1680 + d**6/720 - 13*d**5/60 - 14*d**2. Let t(b) be the third derivative of c(b). What is the units digit of t(4)?
3
Let v(x) = -x**3 - 3*x**2 - 5*x - 7. Let p be v(-4). Suppose 0 = -u + 173 + p. What is the tens digit of u?
0
What is the tens digit of ((-450)/4*41)/(9/(-12))?
5
Let w(s) = 89 + 6*s**2 - 8*s**2 - s**2 + 14*s**3 - 94 + 0*s + 3*s. Let q be (-1 + (-1 - -6))/2. What is the hundreds digit of w(q)?
1
Let n = -12764 + 13334. What is the tens digit of n?
7
Let s(x) = 7*x**2 - 242*x + 1399. What is the tens digit of s(72)?
6
Suppose 151 = -4*r + 171, -3*m = 2*r - 100852. What is the units digit of m?
4
Suppose -4*y - 20 = 0, 0 = -11*g + 13*g + 4*y - 35768. What is the tens digit of g?
9
Let s(k) = 14*k**2 - 38*k + 600. What is the tens digit of s(21)?
7
Let u = 328 - 323. Suppose 4783 = u*y + 2*t, -3*y + 4*t - 7*t = -2877. What is the tens digit of y?
5
Let s(y) be the second derivative of y**4/6 - 3*y**3/2 - 4*y**2 + 2*y + 2. What is the units digit of s(14)?
8
Let f(l) = l**3 - l**2 - 2*l + 536. Let y = -1 - -1. What is the tens digit of f(y)?
3
Let c be 12/5*(-50)/(-30). Suppose -201 = -5*j - 4*g + 1647, 1491 = c*j - g. What is the units digit of j?
2
Let a(o) = 10*o**3 - 2*o**2 - 3*o - 5. Let q be a(4). Let p = 1338 - q. Suppose 0 = 8*b + b - p. What is the units digit of b?
3
Let o(k) = k**3 + 2*k**2 - 5*k + 3. Let b = 48 + -108. Let m be (b/24)/((-2)/4). What is the hundreds digit of o(m)?
1
Let g be -1 + 4 - 5 - (-3 - 56). Let d = -62 + g. What is the units digit of (d - -2 - -2)*278/(-1)?
8
Let q(h) = -7*h**3 + 13*h**2 + 172*h + 94. What is the tens digit of q(-11)?
9
Let m(z) = -z**3 - 12*z**2 - 206*z - 66. What is the hundreds digit of m(-14)?
2
Suppose -134 = -4*n - 3*t, 0*t + 2 = t. Let q = n - 58. Let z = q + 37. What is the tens digit of z?
1
Suppose -8*s + 20 = -4*s, -y - 4*s + 57 = 0. Suppose 17*d - y*d = -20760. What is the hundreds digit of d?
0
Suppose -c - 8692 = -3*a + 46142, -2*c - 36552 = -2*a. What is the tens digit of a?
7
Suppose -265*n + 1295083 = -8987977. What is the tens digit of n?
0
Suppose -4*g - 1118 = 3*t - 5233, 0 = t - 5*g - 1378. Let q = t - 977. What is the units digit of q?
6
Suppose -b - b - 4*r = 2, 7 = -b - 4*r. Let j be -3*(0 + (b - 3)). What is the units digit of (-14)/6*(j - 21)?
3
Let a(o) be the third derivative of o**6/12 - o**5/30 + 5*o**4/24 + 14*o**3/3 + 94*o**2 - o. What is the tens digit of a(5)?
5
Suppose -168 = -4*x + 256. What is the units digit of x?
6
Let u(q) = 637*q**2 - 2344*q - 23. What is the units digit of u(11)?
0
Let c = 34 - 61. Let k = c - -15. What is the units digit of 9*-3*-2*(-22)/k?
9
Let b(y) = 3855*y - 1642. What is the tens digit of b(3)?
2
Let v(n) = -n**2 - 20*n + 4. Let u be v(-20). Let g(h) = 5*h - 16. Let q be g(u). What is the units digit of (-248)/(-12) + 3 + q/(-6)?
3
Let p be 4/(48/393) + 12/(-16). Suppose -37*c + 2550 = -p*c. What is the tens digit of c?
1
Suppose -v + 8*t - 3*t = 1, 3*v = -5*t + 17. Let x(o) = 13*o**3 - 5*o**2 + 5*o - 10. Let r be x(v). Suppose -u - r = -7*u. What is the tens digit of u?
2
Let u(k) = -k + 7. Let f be u(2). Suppose r - 68 = -r - f*g, 4*r - 3*g = 84. Suppose 0*w + 3*w - r = 0. What is the units digit of w?
8
Suppose 0 = -0*g - 5*g. Suppose g*b = -14*b + 2212. What is the units digit of b?
8
Let x(a) = 405*a**2 - 3*a - 15. Let r be x(-2). What is the units digit of (-12)/(-18)*1/(3/r)?
8
Let a be 4/4*2129 - 2. Let i be a/27 + (-8)/(-36). Let z = i - 74. What is the units digit of z?
5
Let u(f) be the first derivative of -f**4/4 - 4*f**3/3 - 2*f**2 + 1. Let t be u(-3). Let d(b) = 4*b**2 + 2*b - 6. What is the tens digit of d(t)?
3
Suppose 58230 = 5*d + 5*u, 2*d - 10492 = 